{"id":136,"date":"2024-03-29T14:26:18","date_gmt":"2024-03-29T14:26:18","guid":{"rendered":"https:\/\/xn--selvtrner-fitnessomrdenord-ricn.dk\/?page_id=136"},"modified":"2026-01-18T15:55:47","modified_gmt":"2026-01-18T15:55:47","slug":"for-ansatte","status":"publish","type":"page","link":"https:\/\/xn--selvtrner-fitnessomrdenord-ricn.dk\/?page_id=136","title":{"rendered":"Jeg er ansat i et folkehus"},"content":{"rendered":"\n<h2 class=\"wp-block-heading has-xx-large-font-size\"><strong>Jeg er ansat og vil gerne v\u00e6re medlem<\/strong>, s\u00e5 jeg kan tr\u00e6ne i alle de 5 folkehuse.<\/h2>\n\n\n\n<p class=\"has-large-font-size\"><strong>Jeg har ikke v\u00e6ret medlem f\u00f8r. <\/strong><\/p>\n\n\n\n<p><a href=\"https:\/\/www.conventus.dk\/dataudv\/www\/new_tilmelding.php?foreningsid=11699&amp;gruppe=1015207&amp;skjul_nyt_medlem=0&amp;skjul_allerede_medlem=1\">Jeg er Ansat i Hjortsh\u00f8j, jeg betaler 150 kr. for 2026<\/a><\/p>\n\n\n\n<p><a href=\"https:\/\/www.conventus.dk\/dataudv\/www\/new_tilmelding.php?foreningsid=11699&amp;gruppe=1015196&amp;skjul_nyt_medlem=0&amp;skjul_allerede_medlem=1\">Jeg er Ansat i Sk\u00f8dstrup, jeg betaler 150 kr. for 2026<\/a><\/p>\n\n\n\n<p><a href=\"https:\/\/www.conventus.dk\/dataudv\/www\/new_tilmelding.php?foreningsid=11699&amp;gruppe=1015218&amp;skjul_nyt_medlem=0&amp;skjul_allerede_medlem=1\">Jeg er Ansat i Lystrup, jeg betaler 150 kr. for 202<\/a><\/p>\n\n\n\n<p><a href=\"https:\/\/www.conventus.dk\/dataudv\/www\/new_tilmelding.php?foreningsid=11699&amp;gruppe=1015203&amp;skjul_nyt_medlem=0&amp;skjul_allerede_medlem=0\">Jeg er Ansat i Trige, jeg betaler 150 kr. for 2026<\/a><\/p>\n\n\n\n<p><a href=\"https:\/\/www.conventus.dk\/dataudv\/www\/new_tilmelding.php?foreningsid=11699&amp;gruppe=1015212&amp;skjul_nyt_medlem=0&amp;skjul_allerede_medlem=1\">Jeg er Ansat i Sk\u00e6ring, jeg betaler 150 kr. for 2026<\/a><\/p>\n\n\n\n<figure class=\"wp-block-pullquote has-text-color has-link-color wp-elements-93e9c824745845d8b3b5158afb8f56b6\" style=\"color:#02700b\"><blockquote><p><strong>Jeg er ansat medlem og \u00f8nsker at betale \u00e5rskontingent p\u00e5 150, kr. for 202<\/strong>6<\/p><\/blockquote><\/figure>\n\n\n\n<div class=\"wp-block-buttons is-layout-flex wp-block-buttons-is-layout-flex\">\n<div class=\"wp-block-button\"><a class=\"wp-block-button__link wp-element-button\" href=\"https:\/\/www.conventus.dk\/dataudv\/www\/new_tilmelding.php?foreningsid=11699&amp;gruppe=1015209&amp;skjul_nyt_medlem=1&amp;skjul_allerede_medlem=0\">Ansat i Hjortsh\u00f8j<\/a><\/div>\n\n\n\n<div class=\"wp-block-button\"><a class=\"wp-block-button__link wp-element-button\" href=\"https:\/\/www.conventus.dk\/dataudv\/www\/new_tilmelding.php?foreningsid=11699&amp;gruppe=1015197&amp;skjul_nyt_medlem=1&amp;skjul_allerede_medlem=0\">Ansat i Sk\u00f8dstrup<\/a><\/div>\n\n\n\n<div class=\"wp-block-button\"><a class=\"wp-block-button__link wp-element-button\" href=\"https:\/\/www.conventus.dk\/dataudv\/www\/new_tilmelding.php?foreningsid=11699&amp;gruppe=1015219&amp;skjul_nyt_medlem=1&amp;skjul_allerede_medlem=0\">Ansat i Lystrup<\/a><\/div>\n\n\n\n<div class=\"wp-block-button\"><a class=\"wp-block-button__link wp-element-button\" href=\"https:\/\/www.conventus.dk\/dataudv\/www\/new_tilmelding.php?foreningsid=11699&amp;gruppe=1015201&amp;skjul_nyt_medlem=1&amp;skjul_allerede_medlem=0\">Ansat i Trige<\/a><\/div>\n\n\n\n<div class=\"wp-block-button\"><a class=\"wp-block-button__link wp-element-button\" href=\"https:\/\/www.conventus.dk\/dataudv\/www\/new_tilmelding.php?foreningsid=11699&amp;gruppe=1015214&amp;skjul_nyt_medlem=1&amp;skjul_allerede_medlem=0\">Ansat i Sk\u00e6ring<\/a><\/div>\n<\/div>\n\n\n\n<div class=\"wp-block-columns alignwide is-layout-flex wp-container-core-columns-is-layout-d0bbbce0 wp-block-columns-is-layout-flex\">\n<div class=\"wp-block-column is-layout-flow wp-block-column-is-layout-flow\">\n<figure class=\"wp-block-image aligncenter size-full is-resized\"><a href=\"https:\/\/xn--selvtrner-fitnessomrdenord-ricn.dk\/?page_id=155\"><img loading=\"lazy\" decoding=\"async\" width=\"642\" height=\"371\" src=\"http:\/\/xn--selvtrner-fitnessomrdenord-ricn.dk\/wp-content\/uploads\/2024\/04\/svoemning.png\" alt=\"\" class=\"wp-image-188\" style=\"width:645px;height:auto\" srcset=\"https:\/\/xn--selvtrner-fitnessomrdenord-ricn.dk\/wp-content\/uploads\/2024\/04\/svoemning.png 642w, https:\/\/xn--selvtrner-fitnessomrdenord-ricn.dk\/wp-content\/uploads\/2024\/04\/svoemning-300x173.png 300w\" sizes=\"auto, (max-width: 642px) 100vw, 642px\" \/><\/a><\/figure>\n<\/div>\n<\/div>\n\n\n\n<div class=\"wp-block-columns alignwide is-layout-flex wp-container-core-columns-is-layout-d0bbbce0 wp-block-columns-is-layout-flex\">\n<div class=\"wp-block-column is-layout-flow wp-container-core-column-is-layout-e3d1c41b wp-block-column-is-layout-flow\">\n<h3 class=\"wp-block-heading has-text-align-left is-style-asterisk has-body-font-family has-medium-font-size\" style=\"font-style:normal;font-weight:600\">Hvis indmeldingen driller<\/h3>\n\n\n\n<p class=\"has-text-align-left\">Ring eller send sms til <\/p>\n\n\n\n<p>Eli Christensen  <\/p>\n\n\n\n<p>Telefon: 29843824 <\/p>\n\n\n\n<p>mail: eli@oncable.dk                                                                               <\/p>\n<\/div>\n\n\n\n<div class=\"wp-block-column is-layout-flow wp-container-core-column-is-layout-e3d1c41b wp-block-column-is-layout-flow\">\n<h3 class=\"wp-block-heading has-text-align-left is-style-asterisk has-body-font-family has-medium-font-size\" style=\"font-style:normal;font-weight:600\">Foreningens adresse:<\/h3>\n\n\n\n<p class=\"has-text-align-left\">Sk\u00e6ring Havvej 133<\/p>\n\n\n\n<p class=\"has-text-align-left\">8258 Eg\u00e5 <\/p>\n\n\n\n<p class=\"has-text-align-left\">Telefon: 30455466 <\/p>\n\n\n\n<p class=\"has-text-align-left\"><\/p>\n<\/div>\n\n\n\n<div class=\"wp-block-column is-layout-flow wp-container-core-column-is-layout-e3d1c41b wp-block-column-is-layout-flow\">\n<h3 class=\"wp-block-heading has-text-align-left is-style-asterisk has-body-font-family has-medium-font-size\" style=\"font-style:normal;font-weight:600\">Se og \u00e6ndre i oplysningerne:<\/h3>\n\n\n\n<div class=\"wp-block-buttons is-layout-flex wp-block-buttons-is-layout-flex\">\n<div class=\"wp-block-button\"><a class=\"wp-block-button__link wp-element-button\" href=\"https:\/\/www.conventus.dk\/medlemslogin\/index.php?forening=11699\">Conventus<\/a><\/div>\n<\/div>\n<\/div>\n<\/div>\n","protected":false},"excerpt":{"rendered":"<p>Jeg er ansat og vil gerne v\u00e6re medlem, s\u00e5 jeg kan tr\u00e6ne i alle de 5 folkehuse. Jeg har ikke v\u00e6ret medlem f\u00f8r. Jeg er Ansat i Hjortsh\u00f8j, jeg betaler 150 kr. for 2026 Jeg er Ansat i Sk\u00f8dstrup, jeg betaler 150 kr. for 2026 Jeg er Ansat i Lystrup, jeg betaler 150 kr. for [&hellip;]<\/p>\n","protected":false},"author":1,"featured_media":0,"parent":0,"menu_order":0,"comment_status":"closed","ping_status":"closed","template":"","meta":{"footnotes":""},"class_list":["post-136","page","type-page","status-publish","hentry"],"_links":{"self":[{"href":"https:\/\/xn--selvtrner-fitnessomrdenord-ricn.dk\/index.php?rest_route=\/wp\/v2\/pages\/136","targetHints":{"allow":["GET"]}}],"collection":[{"href":"https:\/\/xn--selvtrner-fitnessomrdenord-ricn.dk\/index.php?rest_route=\/wp\/v2\/pages"}],"about":[{"href":"https:\/\/xn--selvtrner-fitnessomrdenord-ricn.dk\/index.php?rest_route=\/wp\/v2\/types\/page"}],"author":[{"embeddable":true,"href":"https:\/\/xn--selvtrner-fitnessomrdenord-ricn.dk\/index.php?rest_route=\/wp\/v2\/users\/1"}],"replies":[{"embeddable":true,"href":"https:\/\/xn--selvtrner-fitnessomrdenord-ricn.dk\/index.php?rest_route=%2Fwp%2Fv2%2Fcomments&post=136"}],"version-history":[{"count":24,"href":"https:\/\/xn--selvtrner-fitnessomrdenord-ricn.dk\/index.php?rest_route=\/wp\/v2\/pages\/136\/revisions"}],"predecessor-version":[{"id":573,"href":"https:\/\/xn--selvtrner-fitnessomrdenord-ricn.dk\/index.php?rest_route=\/wp\/v2\/pages\/136\/revisions\/573"}],"wp:attachment":[{"href":"https:\/\/xn--selvtrner-fitnessomrdenord-ricn.dk\/index.php?rest_route=%2Fwp%2Fv2%2Fmedia&parent=136"}],"curies":[{"name":"wp","href":"https:\/\/api.w.org\/{rel}","templated":true}]}}